ctors of 388583751.
3, 4153, 31189
What are the prime factors of 140913366?
2, 3, 11, 2135051
What are the prime factors of 993408894?
2, 3, 131, 317, 443
What are the prime factors of 115885651?
7, 17, 409, 2381
What are the prime factors of 112439116?
2, 28109779
What are the prime factors of 12113039?
29, 417691
What are the prime factors of 40136001?
3, 13378667
List the prime factors of 218238121.
41, 5322881
What are the prime factors of 1877922150?
2, 3, 5, 13, 853, 1129
What are the prime factors of 1482369591?
3, 37, 13354681
List the prime factors of 19339403.
3727, 5189
List the prime factors of 257353651.
19, 712891
List the prime factors of 688177833.
3, 7, 17, 1927669
What are the prime factors of 6433815417?
3, 2144605139
List the prime factors of 79469048.
2, 23, 29, 53, 281
What are the prime factors of 72999355?
5, 11, 13, 23, 193
List the prime factors of 182752182.
2, 3, 10152899
What are the prime factors of 4002466216?
2, 7, 313, 32621
List the prime factors of 33263511.
3, 11087837
List the prime factors of 1208123943.
3, 13, 59, 525043
List the prime factors of 1378300931.
7, 241, 817013
List the prime factors of 2591199089.
2591199089
List the prime factors of 321919687.
321919687
What are the prime factors of 55547437?
11, 1223, 4129
List the prime factors of 2381777.
2381777
What are the prime factors of 126677406?
2, 3, 163, 129527
What are the prime factors of 64006523?
7, 9143789
List the prime factors of 6932877.
3, 7, 53, 6229
List the prime factors of 31744228.
2, 1217, 6521
What are the prime factors of 165250983?
3, 149, 337, 1097
What are the prime factors of 207214497?
3, 7, 1096373
List the prime factors of 2734189558.
2, 179, 7637401
List the prime factors of 3582834232.
2, 29, 15443251
List the prime factors of 2547179770.
2, 5, 3853, 66109
List the prime factors of 55652488.
2, 6956561
List the prime factors of 304161548.
2, 1279, 59453
What are the prime factors of 15491118?
2, 3, 19, 135887
What are the prime factors of 679111321?
7, 97015903
List the prime factors of 49727384.
2, 7, 887989
What are the prime factors of 36070624?
2, 23, 49009
List the prime factors of 3713734103.
1381, 2689163
What are the prime factors of 23948953?
7, 37, 92467
What are the prime factors of 9400183?
13, 37, 19543
What are the prime factors of 4437904432?
2, 13, 3167, 6737
What are the prime factors of 7313135?
5, 1462627
What are the prime factors of 851526656?
2, 149, 5581
List the prime factors of 25621015.
5, 7, 732029
What are the prime factors of 141908540?
2, 5, 479, 14813
What are the prime factors of 374031058?
2, 31, 1487, 4057
What are the prime factors of 1376248353?
3, 41, 3167, 3533
List the prime factors of 251097582.
2, 3, 17, 31, 79411
What are the prime factors of 63933111?
3, 11, 167, 1289
What are the prime factors of 10142437?
283, 35839
What are the prime factors of 485274323?
485274323
List the prime factors of 5481067399.
33811, 162109
What are the prime factors of 242132677?
421, 575137
List the prime factors of 187567489.
1409, 133121
What are the prime factors of 35703728?
2, 23, 97021
List the prime factors of 157397800.
2, 5, 7, 16061
List the prime factors of 48163542.
2, 3, 7, 971, 1181
What are the prime factors of 24436016?
2, 11, 138841
List the prime factors of 48234381.
3, 13, 23, 53773
List the prime factors of 1286556318.
2, 3, 23825117
List the prime factors of 81270680.
2, 5, 2031767
What are the prime factors of 229147664?
2, 223, 64223
List the prime factors of 305901130.
2, 5, 2617, 11689
What are the prime factors of 52847676?
2, 3, 7, 29959
List the prime factors of 138110441.
7, 29, 680347
List the prime factors of 7374382.
2, 127, 29033
List the prime factors of 47880260.
2, 5, 887, 2699
List the prime factors of 189818199.
3, 617, 34183
What are the prime factors of 3188791730?
2, 5, 109, 337, 8681
List the prime factors of 60376262.
2, 19, 659, 2411
What are the prime factors of 33264727?
33264727
List the prime factors of 6909428552.
2, 13, 31, 257, 269
List the prime factors of 23405952.
2, 3, 60953
What are the prime factors of 27220449?
3, 31, 292693
What are the prime factors of 2799521254?
2, 47, 103, 199, 1453
What are the prime factors of 83884392?
2, 3, 17, 19, 3607
List the prime factors of 110778630.
2, 3, 5, 17, 281, 773
List the prime factors of 1041382455.
3, 5, 69425497
List the prime factors of 15935724.
2, 3, 7, 107, 197
What are the prime factors of 1991360353?
1991360353
What are the prime factors of 5961198652?
2, 34667, 42989
List the prime factors of 61892266.
2, 631, 49043
List the prime factors of 577925979.
3, 613, 314261
List the prime factors of 669735047.
19, 419, 84127
List the prime factors of 149721057.
3, 17, 978569
What are the prime factors of 1116178416?
2, 3, 7751239
List the prime factors of 65244704.
2, 7, 291271
List the prime factors of 1662233233.
79, 21040927
List the prime factors of 140426078.
2, 13, 5401003
What are the prime factors of 117290929?
7, 827, 20261
List the prime factors of 2361766930.
2, 5, 31, 127, 239, 251
List the prime factors of 59836499.
47, 1273117
List the prime factors of 3170523895.
5, 7, 11, 23, 37, 9677
What are the prime factors of 11294403?
3, 23, 191, 857
List the prime factors of 590644915.
5, 7, 211, 79979
What are the prime factors of 190051553?
23, 347, 23813
List the prime factors of 213739979.
12487, 17117
List the prime factors of 38620513.
31, 181, 6883
List the prime factors of 343447838.
2, 17, 19, 37, 14369
What are the prime factors of 1695312908?
2, 53, 1171, 6829
List the prime factors of 407673.
3, 7, 719
List the prime factors of 191050430.
2, 5, 1669, 11447
What are the prime factors of 516417330?
2, 3, 5, 11, 13, 17, 73, 97
List the prime factors of 65243785.
5, 107, 121951
List the prime factors of 604121849.
604121849
List the prime factors of 133777815.
3, 5, 8918521
List the prime factors of 1819866037.
11, 19, 89, 227, 431
What are the prime factors of 35190745?
5, 67, 73, 1439
What are the prime factors of 80667198?
2, 3, 19, 78623
List the prime factors of 1086622694.
2, 17, 313, 102107
What are the prime factors of 514048527?
3, 2113, 27031
List the prime factors of 15578415.
3, 5, 346187
What are the prime factors of 41716269?
3, 7, 220721
What are the prime factors of 6126559787?
6126559787
What are the prime factors of 6497625231?
3, 721958359
List the prime factors of 379156820.
2, 5, 7, 2708263
List the prime factors of 4037081200.
2, 5, 1811, 5573
What are the prime factors of 48088218?
2, 3, 8014703
List the prime factors of 1668792736.
2, 13, 1327, 3023
What are the prime factors of 51876675?
3, 5, 230563
List the prime factors of 2064701022.
2, 3, 344116837
List the prime factors of 228072450.
2, 3, 5, 1520483
List the prime factors of 4894940419.
37, 132295687
List the prime factors of 2095410148.
2, 13, 40296349
List the prime factors of 46592304.
2, 3, 11, 79, 1117
List the prime factors of 72180869.
41, 89, 131, 151
List the prime factors of 392896200.
2, 3, 5, 654827
What are the prime factors of 1583308466?
2, 791654233
List the prime factors of 2072751236.
2, 518187809
What are the prime factors of 919031234?
2, 11, 37, 727, 1553
List the prime factors of 4933694.
2, 41, 60167
List the prime factors of 91470856.
2, 11433857
List the prime factors of 1764542984.
2, 6481, 34033
List the prime factors of 1761625.
5, 17, 829
List the prime factors of 175775165.
5, 103, 341311
List the prime factors of 317375448.
2, 3, 13, 17, 53, 1129
List the prime factors of 81647994.
2, 3, 521, 26119
What are the prime factors of 1051080218?
2, 43, 12221863
List the prime factors of 505250821.
23, 181, 121367
What are the prime factors of 38067101?
31, 113, 10867
List the prime factors of 283979829.
3, 7, 367, 36847
List the prime factors of 605540832.
2, 3, 13, 485209
What are the prime factors of 5000209339?
617, 8104067
List the prime factors of 3480944745.
3, 5, 5281, 43943
What are the prime factors of 620716232?
2, 29, 113, 23677
What are the prime factors of 53984142?
2, 3, 2999119
What are the prime factors of 339749367?
3, 31, 3653219
What are the prime factors of 934162446?
2, 3, 7, 22241963
List the prime factors of 76974272.
2, 137, 8779
What are the prime 